-- https://www.phpmyadmin.net/
--
-- Tempo de geração: 17-Abr-2020 às 10:38
-- Versão do servidor: 8.0.18
-- versão do PHP: 7.3.11

START TRANSACTION;



--
-- Banco de dados: `fiscalizabanco`
--

-- --------------------------------------------------------

--
-- Estrutura da tabela `assinaturas`
--

CREATE TABLE `assinaturas` (
  `id` bigint(20) NOT NULL,
  `usuario_id` bigint(20) NOT NULL,
  `plano_id` bigint(20) NOT NULL,
  `data_assinatura` date NOT NULL,
  `data_limite` date DEFAULT NULL,
  `qtd_agencias_plano` int(11) NOT NULL,
  `qtd_agencias_adicional` int(11) NOT NULL,
  `qtd_agencias_total` int(11) NOT NULL,
  `valor_plano` decimal(15,2) DEFAULT NULL,
  `valor_adicional` decimal(15,2) DEFAULT NULL,
  `valot_total` decimal(15,2) DEFAULT NULL,
  `created_at` timestamp NULL DEFAULT NULL,
  `updated_at` timestamp NULL DEFAULT NULL,
  `deleted_at` timestamp NULL DEFAULT NULL
) ENGINE=InnoDB DEFAULT CHARSET=utf8mb4 COLLATE=utf8mb4_unicode_ci;

--
-- Extraindo dados da tabela `assinaturas`
--

INSERT INTO `assinaturas` (`id`, `usuario_id`, `plano_id`, `data_assinatura`, `data_limite`, `qtd_agencias_plano`, `qtd_agencias_adicional`, `qtd_agencias_total`, `valor_plano`, `valor_adicional`, `valot_total`, `created_at`, `updated_at`, `deleted_at`) VALUES
(3, 3, 2, '2020-04-14', NULL, 5, 2, 7, '250.00', '200.00', '450.00', '2020-04-14 21:53:21', '2020-04-14 21:53:21', NULL),
(4, 3, 2, '2020-04-14', NULL, 5, 0, 5, '250.00', '0.00', '250.00', '2020-04-14 21:54:15', '2020-04-14 21:54:15', NULL),
(5, 3, 3, '2020-04-15', NULL, 5, 1, 6, '500.00', '100.00', '600.00', '2020-04-15 21:20:22', '2020-04-15 21:20:22', NULL),
(6, 3, 1, '2020-04-15', NULL, 5, 2, 7, '100.00', '200.00', '300.00', '2020-04-15 21:22:01', '2020-04-15 21:22:01', NULL),
(7, 3, 1, '2020-04-15', '2020-04-10', 5, 2, 7, '100.00', '200.00', '300.00', '2020-04-15 21:23:14', '2020-04-16 18:07:09', NULL),
(8, 3, 3, '2020-04-15', '2020-10-20', 5, 2, 7, '500.00', '200.00', '700.00', '2020-04-15 21:30:18', '2020-04-16 18:08:13', NULL);

-- --------------------------------------------------------

--
-- Estrutura da tabela `balancete_parametros`
--

CREATE TABLE `balancete_parametros` (
  `id` bigint(11) NOT NULL,
  `titulo` varchar(200) CHARACTER SET utf8 COLLATE utf8_unicode_ci NOT NULL,
  `created_at` timestamp NULL DEFAULT NULL,
  `updated_at` timestamp NULL DEFAULT NULL,
  `deleted_at` timestamp NULL DEFAULT NULL
) ENGINE=InnoDB DEFAULT CHARSET=utf8 COLLATE=utf8_unicode_ci;

--
-- Extraindo dados da tabela `balancete_parametros`
--

INSERT INTO `balancete_parametros` (`id`, `titulo`, `created_at`, `updated_at`, `deleted_at`) VALUES
(1, 'Verificação Geral - Contas Tributáveis - BB', NULL, NULL, NULL),
(2, 'Verificação Geral - Contas Tributáveis - CEF bdu', NULL, NULL, NULL),
(3, 'Verificação Geral - Contas Tributáveis - Bradesco -  Arquivo Anual', NULL, NULL, NULL),
(14, 'Verificação Geral - Contas Tributáveis - Bradesco - Arquivos Mensais', NULL, NULL, NULL),
(15, 'Verificação Geral - Contas Tributáveis - CEF bal', NULL, NULL, NULL),
(16, 'teste 33 AA', '2020-04-17 19:47:57', '2020-04-17 20:32:25', '2020-04-17 20:32:25');

-- --------------------------------------------------------

--
-- Estrutura da tabela `balancete_parametros_colunas`
--

CREATE TABLE `balancete_parametros_colunas` (
  `id` bigint(20) NOT NULL,
  `balancete_parametros_id` bigint(20) NOT NULL,
  `titulo` varchar(200) CHARACTER SET utf8 COLLATE utf8_unicode_ci NOT NULL,
  `ordem` int(11) NOT NULL,
  `posicao_inicial` int(11) NOT NULL,
  `posicao_final` int(11) NOT NULL,
  `excluir_repetido` varchar(1) CHARACTER SET utf8 COLLATE utf8_unicode_ci NOT NULL DEFAULT 'N',
  `agrupar` varchar(1) CHARACTER SET utf8 COLLATE utf8_unicode_ci NOT NULL DEFAULT 'N',
  `monetario` varchar(1) CHARACTER SET utf8 COLLATE utf8_unicode_ci NOT NULL DEFAULT 'N',
  `competencia` varchar(1) CHARACTER SET utf8 COLLATE utf8_unicode_ci NOT NULL DEFAULT 'N',
  `created_at` timestamp NULL DEFAULT NULL,
  `updated_at` timestamp NULL DEFAULT NULL,
  `deleted_at` timestamp NULL DEFAULT NULL
) ENGINE=InnoDB DEFAULT CHARSET=utf8 COLLATE=utf8_unicode_ci;

--
-- Extraindo dados da tabela `balancete_parametros_colunas`
--

INSERT INTO `balancete_parametros_colunas` (`id`, `balancete_parametros_id`, `titulo`, `ordem`, `posicao_inicial`, `posicao_final`, `excluir_repetido`, `agrupar`, `monetario`, `competencia`, `created_at`, `updated_at`, `deleted_at`) VALUES
(18, 1, 'CONTA', 1, 1, 15, 'N', 'S', 'N', 'N', NULL, NULL, NULL),
(19, 1, 'DESCRIÇÃO', 2, 16, 63, 'N', 'N', 'N', 'N', NULL, NULL, NULL),
(20, 1, 'SALDO', 3, 64, 90, 'N', 'N', 'S', 'N', NULL, NULL, NULL),
(23, 1, 'VALIDACAO LINHA REPETIDA', 4, 37, 78, 'S', 'N', 'N', 'N', NULL, NULL, NULL),
(27, 1, 'VALIDACAO COMPETENCIA', 5, 48, 58, 'N', 'N', 'N', 'S', NULL, NULL, NULL),
(28, 2, 'CONTA', 1, 1, 11, 'N', 'S', 'N', 'N', NULL, NULL, NULL),
(29, 2, 'DESCRIÇÃO', 2, 23, 63, 'N', 'N', 'N', 'N', NULL, NULL, NULL),
(30, 2, 'SALDO ANTERIOR', 3, 64, 82, 'N', 'N', 'S', 'N', NULL, NULL, NULL),
(31, 2, 'DEBITO/CREDITO', 4, 85, 110, 'N', 'N', 'S', 'N', NULL, NULL, NULL),
(32, 2, 'SALDO ATUAL', 5, 113, 150, 'N', 'N', 'S', 'N', NULL, NULL, NULL),
(33, 2, 'VALIDACAO COMPETENCIA', 6, 121, 131, 'N', 'N', 'N', 'S', NULL, NULL, NULL),
(34, 3, 'CONTA', 1, 1, 9, 'N', 'S', 'N', 'N', NULL, NULL, NULL),
(35, 3, 'DESCRIÇÃO', 2, 10, 53, 'N', 'N', 'N', 'N', NULL, NULL, NULL),
(36, 3, 'SALDO', 3, 185, 202, 'N', 'N', 'S', 'N', NULL, NULL, NULL),
(37, 3, 'VALIDACAO LINHA REPETIDA', 4, 1, 63, 'S', 'N', 'N', 'N', NULL, NULL, NULL),
(40, 3, 'VALIDACAO COMPETENCIA', 5, 38, 45, 'N', 'N', 'N', 'S', NULL, NULL, NULL),
(42, 14, 'DESCRIÇÃO', 2, 2, 53, 'N', 'N', 'N', 'N', NULL, NULL, NULL),
(43, 14, 'SALDO', 3, 134, 159, 'N', 'N', 'S', 'N', NULL, NULL, NULL),
(44, 14, 'VALIDACAO COMPETENCIA', 4, 15, 23, 'N', 'N', 'N', 'S', NULL, NULL, NULL),
(45, 14, 'CONTA', 1, 2, 20, 'N', 'S', 'N', 'N', NULL, NULL, NULL),
(46, 15, 'CONTA', 1, 1, 11, 'N', 'S', 'N', 'N', NULL, NULL, NULL),
(47, 15, 'DESCRIÇÃO', 2, 23, 63, 'N', 'N', 'N', 'N', NULL, NULL, NULL),
(49, 15, 'DEBITO/CREDITO', 4, 85, 110, 'N', 'N', 'S', 'N', NULL, NULL, NULL),
(50, 15, 'SALDO ATUAL', 5, 113, 150, 'N', 'N', 'S', 'N', NULL, NULL, NULL),
(51, 15, 'VALIDACAO COMPETENCIA', 6, 123, 133, 'N', 'N', 'N', 'S', NULL, NULL, NULL),
(52, 15, 'SALDO ANTERIOR', 3, 64, 82, 'N', 'N', 'S', 'N', NULL, NULL, NULL),
(53, 16, 'coluna 1', 1, 1, 60, 'N', 'S', 'S', 'S', '2020-04-17 20:13:42', '2020-04-17 20:30:55', NULL),
(54, 16, 'COLINA 2', 2, 60, 100, 'N', 'N', 'N', 'N', '2020-04-17 20:17:00', '2020-04-17 20:17:18', '2020-04-17 20:17:18'),
(55, 16, 'COLUNA 3 ALT', 2, 100, 110, 'N', 'N', 'N', 'N', '2020-04-17 20:17:59', '2020-04-17 20:19:28', '2020-04-17 20:19:28');

-- --------------------------------------------------------

--
-- Estrutura da tabela `balancete_parametros_linhas`
--

CREATE TABLE `balancete_parametros_linhas` (
  `id` bigint(20) NOT NULL,
  `balancete_parametros_id` bigint(20) NOT NULL,
  `linha` varchar(200) CHARACTER SET utf8 COLLATE utf8_unicode_ci NOT NULL,
  `coluna_especifica` int(11) NOT NULL DEFAULT '0',
  `tipo_linha` varchar(2) CHARACTER SET utf8 COLLATE utf8_unicode_ci NOT NULL DEFAULT 'N',
  `created_at` timestamp NULL DEFAULT NULL,
  `updated_at` timestamp NULL DEFAULT NULL,
  `deleted_at` timestamp NULL DEFAULT NULL
) ENGINE=InnoDB DEFAULT CHARSET=utf8 COLLATE=utf8_unicode_ci;

--
-- Extraindo dados da tabela `balancete_parametros_linhas`
--

INSERT INTO `balancete_parametros_linhas` (`id`, `balancete_parametros_id`, `linha`, `coluna_especifica`, `tipo_linha`, `created_at`, `updated_at`, `deleted_at`) VALUES
(367, 2, '700', 1, 'N', NULL, NULL, NULL),
(368, 2, '711', 1, 'N', NULL, NULL, NULL),
(369, 2, '712', 1, 'N', NULL, NULL, NULL),
(370, 2, '713', 1, 'N', NULL, NULL, NULL),
(371, 2, '714', 1, 'N', NULL, NULL, NULL),
(372, 2, '715', 1, 'N', NULL, NULL, NULL),
(373, 2, '716', 1, 'N', NULL, NULL, NULL),
(374, 2, '717', 1, 'N', NULL, NULL, NULL),
(375, 2, '718', 1, 'N', NULL, NULL, NULL),
(376, 2, '719', 1, 'N', NULL, NULL, NULL),
(377, 2, '72', 1, 'N', NULL, NULL, NULL),
(378, 2, '817', 1, 'N', NULL, NULL, NULL),
(379, 2, '819', 1, 'N', NULL, NULL, NULL),
(381, 2, 'BALANCETE', 0, 'N', NULL, NULL, NULL),
(385, 1, '7.2.', 1, 'N', NULL, NULL, NULL),
(386, 1, '7.0.0.', 1, 'N', NULL, NULL, NULL),
(387, 1, '7.1.1.', 1, 'N', NULL, NULL, NULL),
(388, 1, '7.1.2.', 1, 'N', NULL, NULL, NULL),
(389, 1, '7.1.3.', 1, 'N', NULL, NULL, NULL),
(390, 1, '7.1.4.', 1, 'N', NULL, NULL, NULL),
(391, 1, '7.1.5.', 1, 'N', NULL, NULL, NULL),
(392, 1, '7.1.6.', 1, 'N', NULL, NULL, NULL),
(393, 1, '7.1.7.', 1, 'N', NULL, NULL, NULL),
(394, 1, '7.1.8.', 1, 'N', NULL, NULL, NULL),
(395, 1, '7.1.9.', 1, 'N', NULL, NULL, NULL),
(396, 1, '8.1.7.', 1, 'N', NULL, NULL, NULL),
(397, 1, '8.1.9.', 1, 'N', NULL, NULL, NULL),
(401, 1, 'POSICAO EM', 0, 'N', NULL, NULL, NULL),
(402, 3, '700', 1, 'N', NULL, NULL, NULL),
(403, 3, '711', 1, 'N', NULL, NULL, NULL),
(404, 3, '712', 1, 'N', NULL, NULL, NULL),
(405, 3, '713', 1, 'N', NULL, NULL, NULL),
(406, 3, '714', 1, 'N', NULL, NULL, NULL),
(407, 3, '715', 1, 'N', NULL, NULL, NULL),
(408, 3, '716', 1, 'N', NULL, NULL, NULL),
(409, 3, '717', 1, 'N', NULL, NULL, NULL),
(410, 3, '718', 1, 'N', NULL, NULL, NULL),
(411, 3, '719', 1, 'N', NULL, NULL, NULL),
(413, 3, '817', 1, 'N', NULL, NULL, NULL),
(414, 3, '819', 1, 'N', NULL, NULL, NULL),
(415, 3, 'BALANCETE GERAL MENSAL DE', 0, 'N', NULL, NULL, NULL),
(418, 1, '7.1.7.00.00-9', 1, 'R', NULL, NULL, NULL),
(419, 1, '8.1.9.25.00-1', 1, 'I', NULL, NULL, NULL),
(420, 2, '81925', 1, 'I', NULL, NULL, NULL),
(421, 2, '717', 1, 'R', NULL, NULL, NULL),
(422, 3, '71700009', 1, 'R', NULL, NULL, NULL),
(423, 3, '81925001', 1, 'I', NULL, NULL, NULL),
(424, 14, '7.0.0', 1, 'N', NULL, NULL, NULL),
(425, 14, '7.1.1', 1, 'N', NULL, NULL, NULL),
(426, 14, '7.1.2', 1, 'N', NULL, NULL, NULL),
(427, 14, '7.1.3', 1, 'N', NULL, NULL, NULL),
(428, 14, '7.1.4', 1, 'N', NULL, NULL, NULL),
(429, 14, '7.1.5', 1, 'N', NULL, NULL, NULL),
(430, 14, '7.1.6', 1, 'N', NULL, NULL, NULL),
(431, 14, '7.1.7', 1, 'N', NULL, NULL, NULL),
(432, 14, '7.1.8', 1, 'N', NULL, NULL, NULL),
(433, 14, '7.1.9', 1, 'N', NULL, NULL, NULL),
(434, 14, '7.2.', 1, 'N', NULL, NULL, NULL),
(435, 14, '8.1.7', 1, 'N', NULL, NULL, NULL),
(436, 14, '819', 1, 'N', NULL, NULL, NULL),
(438, 14, '7.1.7.00.00-9', 1, 'R', NULL, NULL, NULL),
(439, 14, '8.1.9.25.00-1', 1, 'I', NULL, NULL, NULL),
(455, 14, 'Centro de Lucro', 0, 'N', NULL, NULL, NULL),
(456, 15, '7.0.0.', 1, 'N', NULL, NULL, NULL),
(457, 15, '7.1.1.', 1, 'N', NULL, NULL, NULL),
(458, 15, '7.1.2.', 1, 'N', NULL, NULL, NULL),
(459, 15, '7.1.3.', 1, 'N', NULL, NULL, NULL),
(460, 15, '7.1.4.', 1, 'N', NULL, NULL, NULL),
(461, 15, '7.1.5.', 1, 'N', NULL, NULL, NULL),
(462, 15, '7.1.6.', 1, 'N', NULL, NULL, NULL),
(463, 15, '7.1.7.', 1, 'R', NULL, NULL, NULL),
(464, 15, '7.1.8.', 1, 'N', NULL, NULL, NULL),
(465, 15, '7.1.9.', 1, 'N', NULL, NULL, NULL),
(466, 15, '7.2.', 1, 'N', NULL, NULL, NULL),
(467, 15, '8.1.7.', 1, 'N', NULL, NULL, NULL),
(468, 15, '8.1.9.', 1, 'N', NULL, NULL, NULL),
(469, 15, '8.1.9.25', 1, 'I', NULL, NULL, NULL),
(470, 15, 'BALANCETE', 0, 'N', NULL, NULL, NULL),
(471, 16, 'LINHA 1 - alterado 222 FF', 1, 'N', '2020-04-17 19:49:29', '2020-04-17 20:06:05', NULL),
(472, 16, 'LINHA 2', 2, 'R', '2020-04-17 19:52:23', '2020-04-17 19:55:07', '2020-04-17 19:55:07'),
(473, 16, 'exc2', 5, 'I', '2020-04-17 19:53:42', '2020-04-17 19:53:53', '2020-04-17 19:53:53'),
(474, 16, 'teste rrr alterado', 7, 'I', '2020-04-17 19:55:22', '2020-04-17 19:55:36', '2020-04-17 19:55:36'),
(475, 16, 'LINHA 4', 3, 'N', '2020-04-17 20:06:17', '2020-04-17 20:06:25', '2020-04-17 20:06:25');

-- --------------------------------------------------------

--
-- Estrutura da tabela `configuracoes`
--

CREATE TABLE `configuracoes` (
  `id` bigint(20) NOT NULL,
  `quantidade_agencias_padrao` int(11) NOT NULL,
  `valor_adicional_por_agencia` decimal(15,2) NOT NULL,
  `agencia` varchar(20) COLLATE utf8mb4_unicode_ci NOT NULL,
  `contacorrente` varchar(40) COLLATE utf8mb4_unicode_ci NOT NULL,
  `convenio` varchar(20) COLLATE utf8mb4_unicode_ci NOT NULL,
  `contrato` varchar(30) COLLATE utf8mb4_unicode_ci NOT NULL,
  `carteira` varchar(10) COLLATE utf8mb4_unicode_ci NOT NULL,
  `codfebraban` varchar(10) COLLATE utf8mb4_unicode_ci NOT NULL,
  `instrucoes` varchar(1000) COLLATE utf8mb4_unicode_ci NOT NULL,
  `digito3` varchar(1) COLLATE utf8mb4_unicode_ci NOT NULL,
  `created_at` timestamp NOT NULL,
  `updated_at` timestamp NOT NULL,
  `deleted_at` timestamp NULL DEFAULT NULL
) ENGINE=InnoDB DEFAULT CHARSET=utf8mb4 COLLATE=utf8mb4_unicode_ci;

--
-- Extraindo dados da tabela `configuracoes`
--

INSERT INTO `configuracoes` (`id`, `quantidade_agencias_padrao`, `valor_adicional_por_agencia`, `agencia`, `contacorrente`, `convenio`, `contrato`, `carteira`, `codfebraban`, `instrucoes`, `digito3`, `created_at`, `updated_at`, `deleted_at`) VALUES
(1, 5, '100.00', '1111', '123456789', 'CCCC', 'COCOCO', '09', '9999', 'Pagar somente na Caixa Econômica Federal e Correspondentes', '8', '2020-04-13 20:05:56', '2020-04-16 15:34:36', NULL);

-- --------------------------------------------------------

--
-- Estrutura da tabela `failed_jobs`
--

CREATE TABLE `failed_jobs` (
  `id` bigint(20) UNSIGNED NOT NULL,
  `connection` text COLLATE utf8mb4_unicode_ci NOT NULL,
  `queue` text COLLATE utf8mb4_unicode_ci NOT NULL,
  `payload` longtext COLLATE utf8mb4_unicode_ci NOT NULL,
  `exception` longtext COLLATE utf8mb4_unicode_ci NOT NULL,
  `failed_at` timestamp NOT NULL DEFAULT CURRENT_TIMESTAMP
) ENGINE=InnoDB DEFAULT CHARSET=utf8mb4 COLLATE=utf8mb4_unicode_ci;

-- --------------------------------------------------------

--
-- Estrutura da tabela `migrations`
--

CREATE TABLE `migrations` (
  `id` int(10) UNSIGNED NOT NULL,
  `migration` varchar(255) COLLATE utf8mb4_unicode_ci NOT NULL,
  `batch` int(11) NOT NULL
) ENGINE=InnoDB DEFAULT CHARSET=utf8mb4 COLLATE=utf8mb4_unicode_ci;

--
-- Extraindo dados da tabela `migrations`
--

INSERT INTO `migrations` (`id`, `migration`, `batch`) VALUES
(1, '2014_10_12_000000_create_users_table', 1),
(2, '2014_10_12_100000_create_password_resets_table', 1),
(3, '2019_08_19_000000_create_failed_jobs_table', 1);

-- --------------------------------------------------------

--
-- Estrutura da tabela `planos`
--

CREATE TABLE `planos` (
  `id` bigint(20) NOT NULL,
  `titulo` varchar(200) COLLATE utf8mb4_unicode_ci DEFAULT NULL,
  `descricao` varchar(2000) COLLATE utf8mb4_unicode_ci DEFAULT NULL,
  `valor` decimal(15,2) DEFAULT NULL,
  `duracao` int(11) DEFAULT NULL,
  `status` varchar(1) COLLATE utf8mb4_unicode_ci NOT NULL DEFAULT 'A',
  `created_at` timestamp NOT NULL,
  `updated_at` timestamp NOT NULL,
  `deleted_at` timestamp NULL DEFAULT NULL
) ENGINE=InnoDB DEFAULT CHARSET=utf8mb4 COLLATE=utf8mb4_unicode_ci;

--
-- Extraindo dados da tabela `planos`
--

INSERT INTO `planos` (`id`, `titulo`, `descricao`, `valor`, `duracao`, `status`, `created_at`, `updated_at`, `deleted_at`) VALUES
(1, 'Plano mensal', 'teste descrição mensal', '100.00', 1, 'A', '2020-04-13 16:23:30', '2020-04-13 16:23:30', NULL),
(2, 'Plano trimestral teste', 'teste descrição trimestral', '250.00', 3, 'A', '2020-04-13 16:25:29', '2020-04-13 16:25:29', NULL),
(3, 'Plano teste semestral', 'Plano teste semestral', '500.00', 6, 'A', '2020-04-13 18:33:49', '2020-04-13 18:33:49', NULL),
(4, 'teste de cadastro lterado 2', 'teste cad7', '6504.52', 12, 'I', '2020-04-13 18:34:15', '2020-04-13 19:16:49', NULL),
(5, 'tteste hhgfhgf', 'teste desc 4444', '1245512.31', 1, 'A', '2020-04-13 22:17:19', '2020-04-14 19:44:15', NULL);

--
-- Índices para tabelas despejadas
--

--
-- Índices para tabela `assinaturas`
--
ALTER TABLE `assinaturas`
  ADD PRIMARY KEY (`id`),
  ADD KEY `i_assinatura_usuario` (`usuario_id`),
  ADD KEY `i_assinatura_plano` (`plano_id`);

--
-- Índices para tabela `balancete_parametros`
--
ALTER TABLE `balancete_parametros`
  ADD PRIMARY KEY (`id`);

--
-- Índices para tabela `balancete_parametros_colunas`
--
ALTER TABLE `balancete_parametros_colunas`
  ADD PRIMARY KEY (`id`),
  ADD KEY `i_dif_balancete_colunas` (`balancete_parametros_id`);

--
-- Índices para tabela `balancete_parametros_linhas`
--
ALTER TABLE `balancete_parametros_linhas`
  ADD PRIMARY KEY (`id`);

--
-- Índices para tabela `configuracoes`
--
ALTER TABLE `configuracoes`
  ADD PRIMARY KEY (`id`);

--
-- Índices para tabela `failed_jobs`
--
ALTER TABLE `failed_jobs`
  ADD PRIMARY KEY (`id`);

--
-- Índices para tabela `migrations`
--
ALTER TABLE `migrations`
  ADD PRIMARY KEY (`id`);

--
-- Índices para tabela `planos`
--
ALTER TABLE `planos`
  ADD PRIMARY KEY (`id`);

--
-- AUTO_INCREMENT de tabelas despejadas
--

--
-- AUTO_INCREMENT de tabela `assinaturas`
--
ALTER TABLE `assinaturas`
  MODIFY `id` bigint(20) NOT NULL AUTO_INCREMENT, AUTO_INCREMENT=9;

--
-- AUTO_INCREMENT de tabela `balancete_parametros`
--
ALTER TABLE `balancete_parametros`
  MODIFY `id` bigint(11) NOT NULL AUTO_INCREMENT, AUTO_INCREMENT=17;

--
-- AUTO_INCREMENT de tabela `balancete_parametros_colunas`
--
ALTER TABLE `balancete_parametros_colunas`
  MODIFY `id` bigint(20) NOT NULL AUTO_INCREMENT, AUTO_INCREMENT=56;

--
-- AUTO_INCREMENT de tabela `balancete_parametros_linhas`
--
ALTER TABLE `balancete_parametros_linhas`
  MODIFY `id` bigint(20) NOT NULL AUTO_INCREMENT, AUTO_INCREMENT=476;

--
-- AUTO_INCREMENT de tabela `configuracoes`
--
ALTER TABLE `configuracoes`
  MODIFY `id` bigint(20) NOT NULL AUTO_INCREMENT, AUTO_INCREMENT=2;

--
-- AUTO_INCREMENT de tabela `failed_jobs`
--
ALTER TABLE `failed_jobs`
  MODIFY `id` bigint(20) UNSIGNED NOT NULL AUTO_INCREMENT;

--
-- AUTO_INCREMENT de tabela `migrations`
--
ALTER TABLE `migrations`
  MODIFY `id` int(10) UNSIGNED NOT NULL AUTO_INCREMENT, AUTO_INCREMENT=4;

--
-- AUTO_INCREMENT de tabela `planos`
--
ALTER TABLE `planos`
  MODIFY `id` bigint(20) NOT NULL AUTO_INCREMENT, AUTO_INCREMENT=6;
COMMIT;

